te the highest common factor of 182508 and 603.
201
Calculate the highest common divisor of 3427784 and 8.
8
What is the highest common factor of 244 and 609878?
122
Calculate the greatest common factor of 25040340 and 54.
54
What is the highest common divisor of 5824 and 5278?
182
What is the greatest common divisor of 22 and 43748?
2
Calculate the highest common divisor of 1183 and 15561.
91
Calculate the highest common factor of 414 and 4462.
46
What is the highest common factor of 567 and 1792?
7
Calculate the highest common divisor of 624 and 115791.
39
Calculate the highest common divisor of 244601 and 14.
7
What is the greatest common divisor of 2324 and 84328?
332
What is the greatest common divisor of 57484 and 112?
28
What is the greatest common divisor of 86 and 1598482?
86
Calculate the greatest common factor of 22557 and 111.
3
Calculate the highest common factor of 630 and 205.
5
Calculate the greatest common divisor of 148464 and 16.
16
Calculate the highest common divisor of 2365596 and 552.
276
Calculate the greatest common factor of 4578 and 426.
6
What is the highest common divisor of 97006 and 574?
574
What is the greatest common factor of 14 and 1260434?
14
Calculate the highest common divisor of 1238 and 991019.
619
Calculate the greatest common divisor of 10 and 2189725.
5
Calculate the highest common factor of 88 and 950136.
88
What is the greatest common divisor of 250357 and 291?
97
What is the greatest common divisor of 417 and 6240?
3
What is the highest common factor of 153819 and 6?
3
Calculate the highest common divisor of 3440 and 104275.
215
What is the greatest common divisor of 111226 and 38?
38
What is the highest common factor of 276 and 10866?
6
What is the highest common factor of 4 and 16334?
2
What is the greatest common divisor of 8448 and 1488?
48
Calculate the highest common divisor of 943 and 2993.
41
What is the greatest common divisor of 196753 and 151?
151
Calculate the highest common divisor of 105 and 7264005.
105
What is the greatest common factor of 23140 and 370?
10
What is the greatest common divisor of 87 and 35612?
29
Calculate the greatest common divisor of 102267 and 25825.
1033
Calculate the greatest common factor of 189 and 2520.
63
What is the highest common divisor of 728 and 1211?
7
What is the highest common factor of 1418 and 1712235?
709
Calculate the greatest common factor of 15225 and 31059.
609
Calculate the highest common factor of 84834 and 243.
27
What is the highest common factor of 14 and 88683?
7
Calculate the highest common divisor of 6584847 and 139.
139
What is the highest common factor of 39 and 2672371?
13
What is the highest common factor of 452 and 329282?
226
Calculate the greatest common divisor of 9997 and 486008.
769
What is the greatest common divisor of 76422 and 23306?
542
Calculate the greatest common divisor of 33852 and 108.
12
Calculate the highest common divisor of 312 and 166530.
78
Calculate the highest common factor of 313458 and 1068.
534
Calculate the highest common factor of 17 and 59993.
17
Calculate the greatest common divisor of 4756185 and 126.
63
What is the greatest common factor of 441 and 340641?
63
Calculate the highest common factor of 447 and 5960.
149
What is the greatest common factor of 611037 and 1323?
189
What is the highest common factor of 264 and 564168?
264
Calculate the greatest common divisor of 7293 and 561.
561
Calculate the highest common factor of 30397 and 2599.
113
Calculate the greatest common factor of 231 and 2574.
33
Calculate the highest common divisor of 182 and 14504.
14
What is the highest common factor of 138 and 1500?
6
Calculate the greatest common factor of 51 and 9231.
51
Calculate the highest common divisor of 1314 and 822.
6
Calculate the highest common factor of 990 and 3708.
18
Calculate the highest common divisor of 4692 and 6.
6
Calculate the highest common factor of 4175926 and 2116.
1058
Calculate the greatest common factor of 50 and 4608950.
50
Calculate the highest common divisor of 456 and 224580.
228
Calculate the highest common divisor of 31768 and 4180.
836
Calculate the greatest common divisor of 40821 and 13893.
33
Calculate the greatest common factor of 47121 and 1017.
339
What is the greatest common divisor of 2879560 and 1158?
386
Calculate the highest common divisor of 202969 and 169.
169
Calculate the greatest common divisor of 2392 and 15704.
104
Calculate the greatest common factor of 1430 and 55705.
65
Calculate the greatest common factor of 432 and 288603.
27
What is the highest common divisor of 332 and 226673?
83
Calculate the highest common factor of 28672 and 686.
14
What is the greatest common factor of 44363 and 3663?
407
What is the greatest common divisor of 175 and 2149?
7
Calculate the highest common factor of 705 and 421026.
141
What is the greatest common divisor of 6834032 and 848?
848
What is the highest common factor of 2290526 and 532?
266
What is the highest common divisor of 10208 and 280256?
928
What is the highest common divisor of 15 and 13935?
15
What is the greatest common factor of 2665 and 64165?
205
What is the greatest common divisor of 712 and 28302?
178
What is the greatest common factor of 2560 and 135?
5
Calculate the highest common factor of 180566 and 3562.
274
Calculate the greatest common divisor of 175 and 6362475.
175
What is the highest common divisor of 62 and 14552764?
62
What is the highest common factor of 532 and 15274?
14
Calculate the highest common divisor of 10918 and 318.
106
Calculate the highest common factor of 3564 and 1440.
36
Calculate the highest common divisor of 31444 and 296.
4
Calculate the highest common divisor of 134878 and 238.
34
Calculate the greatest common factor of 3 and 12853.
1
What is the greatest common factor of 2392 and 7912?
184
Calculate the highest common divisor of 504 and 143990.
14
Calculate the greatest common divisor of 49013 and 46.
23
Calculate the greatest common factor of 37926 and 338324.
602
What is the greatest common factor of 1375 and 16750?
125
Calculate the greatest common factor of 3328 and 715.
13
What is the highest common divisor of 6800 and 2080?
80
Calculate the highest common divisor of 538498 and 766.
766
Calculate the greatest common divisor of 2250 and 144.
18
Calculate the highest common divisor of 4984 and 1360.
8
Calculate the highest common divisor of 6517 and 16807.
343
Calculate the greatest common divisor of 40 and 55850.
10
Calculate the greatest common factor of 18 and 10449.
9
What is the greatest common divisor of 508761 and 27?
27
What is the highest common divisor of 5 and 696035?
5
What is the greatest common divisor of 37459 and 188?
47
What is the greatest common factor of 5115 and 20130?
165
What is the greatest common divisor of 94156 and 8?
4
Calculate the greatest common factor of 88198 and 2954.
422
What is the highest common factor of 102992 and 3608?
328
What is the greatest common factor of 14381 and 79391?
197
What is the greatest common divisor of 92640 and 640?
160
Calculate the highest common factor of 62051 and 176.
11
Calculate the highest common divisor of 7551 and 375.
3
What is the highest common factor of 16599 and 99?
33
Calculate the highest common divisor of 5797467 and 9.
9
What is the highest common factor of 23676 and 672?
12
Calculate the greatest common divisor of 12 and 663978.
6
What is the highest common divisor of 3606476 and 67?
67
Calculate the greatest common divisor of 844 and 418624.
844
Calculate the greatest common divisor of 5539 and 10208.
29
What is the greatest common divisor of 200 and 1656?
8
What is the greatest common divisor of 1659 and 357791?
553
What is the highest common divisor of 1254108 and 12300?
492
Calculate the greatest common divisor of 18758 and 63280.
226
What is the highest common factor of 6 and 141102?
6
Calculate the highest common divisor of 36304 and 20.
4
What is the highest common factor of 201238 and 478?
478
What is the highest common factor of 6 and 42144?
6
Calculate the highest common factor of 630 and 8470.
70
What is the highest common divisor of 28 and 6979?
7
What is the highest common divisor of 966 and 5658?
138
What is the highest common factor of 42 and 177639?
21
Calculate the h